 204 = 12*v. What is the tens digit of (v*15)/9*53/4?
6
Let x(q) = 4*q**3 - 13*q**2 + 14*q - 172. What is the hundreds digit of x(17)?
9
Let s(q) = -q**3 - 6*q**2 - 32*q + 408. What is the tens digit of s(-30)?
6
What is the units digit of 28/(-70) + -3562*4/(-20)?
2
Let w(b) = b**2 - 4*b - 2. Let n be w(7). Suppose -n*y + 1380 = -13*y. Suppose -p - u = -3*p + 235, 2*p - y = 2*u. What is the units digit of p?
0
Suppose 13*a = 9*a + 16. Suppose 5*m = a*m + 87. Suppose -3*w + 105 + m = 0. What is the units digit of w?
4
Let n(z) = 350*z**2 + 17*z + 32. Let h be n(-2). Suppose -2*t - h = -5*g, 4*g + 9*t - 6*t - 1100 = 0. What is the hundreds digit of g?
2
Suppose 46*w = 28*w + 2106. What is the hundreds digit of (w/(-12))/(13/(-728))?
5
Let w = -2239 - -3317. What is the tens digit of w?
7
Let b = 267 - 264. What is the tens digit of -38*(-6 + 0 - b)?
4
Let p be (12/2 - 0)/((-10)/(-45)). Let n = p + -30. What is the tens digit of (0 - (-1196)/16) + n/(-12)?
7
Suppose 372*z = -3336722 + 18545570. What is the hundreds digit of z?
8
What is the tens digit of ((-8340)/(-973))/(5/42)?
7
Let b be (-62)/(-8)*-2*2. Suppose 0 = -0*u + 3*u - 108. Let i = b + u. What is the units digit of i?
5
Let n = -160 + 90. Let o = n - -67. Let t = 27 + o. What is the tens digit of t?
2
Let v(n) = -145*n**3 + 5*n**2 - 10*n + 14. What is the units digit of v(-4)?
4
Suppose 5*g - 6810 - 18125 = 0. What is the units digit of g?
7
Suppose 2*q + 10 + 6 = 0. Let i be q - -9 - (-1)/((-2)/(-4)). Suppose -i*m + 13*m - 930 = 0. What is the tens digit of m?
9
What is the thousands digit of 2*(-1)/7 + 8088210/2170?
3
Let r = 48351 + -30114. What is the thousands digit of r?
8
Let g(v) = -343*v**3 - 22*v**2 - 5*v + 5. What is the tens digit of g(-3)?
8
Let c be (-1)/((-159510)/(-19938) - 8). Let r = -2156 - c. What is the units digit of r?
7
Let o be 4/(-14) - (-748)/119. Let n be (-15)/(-6) + o/4. Suppose -484 = -4*c - 4*k, -2*c + 119 = n*k - 121. What is the hundreds digit of c?
1
Suppose -10*d - 4388 = -18868. What is the units digit of d?
8
Let r be 7*3/36*4*-3. Let f(v) = v**2 + 7*v. Let j be f(r). Let q(c) = 2*c + 97. What is the units digit of q(j)?
7
Let f be ((-4)/(-5))/(-9 + 10268/1140). Suppose 4*q - 83 + 13 = o, 4*q = 2*o + 152. Let i = o + f. What is the tens digit of i?
3
Let x be 18/4 + (-4)/8. Let f(v) = -19*v - 318. Let r be f(-17). Suppose -x*u = r*u - 2106. What is the hundreds digit of u?
2
Let k = 46763 + -32220. What is the hundreds digit of k?
5
Suppose 5*s + 20636 + 23799 = 5*d, -2*s = 12. What is the hundreds digit of d?
8
Let x be 1*((1942 - -5) + -4). Suppose 0 = 2*v + 3*a - x, -2*a - 86 = v - 1060. What is the hundreds digit of v?
9
What is the tens digit of 10082 - 2 - (-4)/(-4)*3/(-1)?
8
Suppose w - 1 = 0, 2*u - 2 = 2*w - 0*w. Suppose -u = 9*s - 3755. What is the tens digit of s?
1
What is the hundreds digit of (-48)/(-12) - (-35265)/(25/5)?
0
Let c be -6*(39/9)/((-1)/3). Let j = 382 - c. What is the hundreds digit of j?
3
What is the tens digit of (1222672/(-1408))/((-1)/8)?
4
Suppose 695 - 691 = -2*q, -111920 = -4*w + 4*q. What is the tens digit of w?
7
Let h be ((-5)/7)/(4/(-28)). Suppose 5*o - 820 = d - h*d, -2*o = 2*d - 326. What is the units digit of o?
8
What is the thousands digit of -5097*3*(20/3 + 30/(-3))?
0
Let c = 121 - 84. Suppose 40*r - c*r = 222. What is the tens digit of r?
7
What is the tens digit of 2155 + 25*22/55?
6
Suppose -4*h - 4*b = -186156, 158*h - 155*h - 139613 = -2*b. What is the ten thousands digit of h?
4
Let b(v) = -8 + 47*v - 7 + 0*v + 17. Let l be b(1). Suppose 212 + l = 3*a. What is the units digit of a?
7
Let n be 7 - 6*(-260)/(-8). Let g = n + 224. What is the tens digit of g?
3
Let x = 2 - 0. Suppose z - x = 0, -5*t - 138 = -t - 5*z. Let j = 57 + t. What is the tens digit of j?
2
What is the units digit of 59 + -71 - 1889*-4?
4
Suppose n = -0*n + 4. What is the tens digit of (546/n)/(8/32)?
4
Let m = 23323 - 14760. What is the units digit of m?
3
Let j be (24/(-32))/((-3)/64). Suppose -j*c + 3284 = -9276. What is the hundreds digit of c?
7
Suppose 0 = 450*p - 5649784 - 5899466. What is the tens digit of p?
6
Suppose -118*i - 2024671 = -221*i. What is the tens digit of i?
5
Let o = 71 - 65. Let v be 56/(-48) - (-1)/o. What is the tens digit of (14/35*10)/(v/(-4))?
1
Let y be 8/(-12) + -3 + 15090/(-18). What is the units digit of 1 - y - (-19 + 24)?
8
Suppose -193*f - 7338 = -194*f. What is the tens digit of (7 + 140/(-21))/(2/f)?
2
Let u = -1230 + -83. Let o = -723 - u. What is the units digit of o?
0
Let g be 3*(1 + -2)*(-282 + 257). Let y(h) = -h**3 + 6*h**2 - 5*h + 3. Let u be y(5). Suppose c - g = -u. What is the units digit of c?
2
Let z = -70 + 74. Suppose -3*s = o - 51, -z*s = 2*o - 0*o - 66. What is the hundreds digit of 10165/45 + 2/s?
2
Suppose -5*q + 19*n - 17*n = -20760, -2*n - 8304 = -2*q. What is the tens digit of q?
5
Let y be (2 - 3) + (4 - 3). Suppose -2*k + 5*s + 594 = y, 0*s - 1248 = -4*k - 5*s. What is the tens digit of k?
0
What is the units digit of 1/(-14) - ((-10474542)/84)/13?
2
Let h be (2 + ((-28)/8 - -1))*-542. Let w = -206 + h. What is the tens digit of w?
6
Let c = 355 - 351. Suppose -c*y - 5*i - 850 = -4339, 5*y = i + 4354. What is the units digit of y?
1
Let d(m) = 4*m + 72. Let s be d(-18). What is the hundreds digit of (20*-8)/(-1 + s + 0)?
1
Suppose 2*r - 51 = x + 4840, 0 = -6*r - 3*x + 14643. What is the thousands digit of r?
2
Let z be 3 - (-6 - 5)*-1. Let f(c) = c**3 + 11*c**2 - 10*c - 5. What is the units digit of f(z)?
7
Let f = 22 + 85. Let s(a) = 10*a**2 + a + 26. Let u be s(0). Let w = f + u. What is the tens digit of w?
3
Let l be 69/12 - 45/60. Suppose 5115 = 5*v + 5*u, 11*u = -l*v + 13*u + 5143. What is the tens digit of v?
2
Let v be (20/8)/(1/2). Suppose -v*p + 8*p = g - 1013, -1033 = -g - 2*p. What is the units digit of g?
5
Let i = -65 - -80. Suppose -i*x = -11*x - 1680. Suppose 7*q - x = q. What is the units digit of q?
0
What is the units digit of (1/3)/(12/(-32) + 2235495/5961240)?
6
Let i = 81886 + -42335. What is the hundreds digit of i?
5
Let x(z) be the third derivative of 31*z**6/360 - 5*z**5/24 + 5*z**4/12 - 35*z**2. Let h(d) be the second derivative of x(d). What is the tens digit of h(4)?
2
Let o(g) = -125*g**3 - 14*g**2 + 7*g - 24. What is the units digit of o(-4)?
4
Suppose -k - 3480 = 4*k. Suppose 4*n = 7*n - 21. What is the tens digit of (-4)/(-7) - k/n?
0
Let z(x) = -9*x**2 + 9*x + 23. Let l be z(-2). Let b = 102 + l. Let g = b + -50. What is the tens digit of g?
2
What is the thousands digit of 9*(-11)/(-99) - -6886?
6
What is the units digit of 6 + 162877/39 - (-6)/9?
3
Suppose 5*x = 16*x - 8734. Let b = x + -251. What is the units digit of b?
3
Suppose 0 = o + 4*x + 31, o - 5*x = -o - 127. Suppose -18*y + 1523 = -2473. Let s = o + y. What is the hundreds digit of s?
1
Suppose 3*l = -a + 18, 5 + 56 = 4*a + l. Let s be 1*-1*(a - 17). Suppose -r - 165 = -s*b, -b - 2*r - 2 = -87. What is the units digit of b?
3
Let y = -8622 - -18789. What is the ten thousands digit of y?
1
What is the tens digit of (-114)/19 + -11 + 15377?
6
Let u = -3400 - -22792. What is the thousands digit of u?
9
Let m(r) = r**3 + 4*r**2 - 7*r - 6. Let y be m(-5). Let h be (-45)/(-10)*(-3)/((-18)/76). Suppose y*k - h = 167. What is the tens digit of k?
5
Let x(c) = c**3 + 56*c**2 + 735*c + 58. Let d be x(-21). Let o(s) = 28*s - 4. Let w be o(5). Let m = d + w. What is the units digit of m?
4
Suppose 70*j = 102*j - 485860 + 18692. What is the tens digit of j?
9
Suppose -n + 5*a - 2*a + 8569 = 0, a - 4 = 0. What is the hundreds digit of n?
5
Suppose 62693 = 58*c - 338667. What is the hundreds digit of c?
9
Suppose -18*x - 4*x = 4*x - 185562. What is the units digit of x?
7
Suppose -l = -4*f - 2*l - 2, -2*f - 6 = -2*l. What is the hundreds digit of 223 + f/(4 - (-28)/(-8))?
2
Suppose 86*t - 35*t + 203861 = 1378136. What is the thousands digit of t?
3
Let r(u) = 24*u + 1021. What is the hundreds digit of r(28)?
6
Let t = -412 - -460. Suppose -t*r + 60*r = 10272. What is the units digit of r?
6
Suppose 0 = 4*c - 90 + 26. Let k = 585 + c. What is the hundreds digit of k?
6
Suppose -57*f = -157*f - 223*f + 16802137. What is the units digit of f?
9
Let h(l) = l**3 - 28*l**2 - 7*l - 2